onvert -2438 (base 10) to base 9.
-3308
What is -261435 (base 7) in base 5?
-3023320
What is 3a60 (base 11) in base 7?
21235
Convert -3022 (base 7) to base 12.
-731
-1d5b (base 16) to base 10
-7515
-2241100 (base 5) to base 8
-116326
What is 2122 (base 6) in base 3?
122212
Convert 22230 (base 9) to base 3.
202021000
10011011000 (base 2) to base 10
1240
Convert -1221102221 (base 3) to base 12.
-1a15a
224 (base 13) to base 10
368
What is 1020 (base 9) in base 4?
23223
-603 (base 7) to base 16
-129
Convert -214444 (base 5) to base 7.
-30602
What is 414 (base 9) in base 15?
177
What is -2040 (base 5) in base 2?
-100001110
What is -3212 (base 6) in base 11?
-602
10412 (base 6) to base 4
112220
Convert -100001100100001 (base 2) to base 9.
-25514
3a4 (base 12) to base 2
1000101100
Convert 250 (base 16) to base 7.
1504
What is 3b73 (base 16) in base 7?
62241
What is -5371 (base 13) in base 14?
-4316
101011001000111 (base 2) to base 10
22087
-17206 (base 8) to base 9
-11642
Convert -3cc (base 13) to base 7.
-1653
Convert -11a5 (base 13) to base 15.
-b1b
-4006 (base 10) to base 15
-12c1
1110110101 (base 2) to base 6
4221
Convert -716 (base 8) to base 14.
-250
1665 (base 8) to base 7
2524
20566 (base 10) to base 12
ba9a
Convert -12110121 (base 3) to base 2.
-111110010001
What is 16e (base 15) in base 2?
101001001
-cc67 (base 13) to base 12
-14591
-1120002 (base 3) to base 8
-2160
-794 (base 14) to base 3
-2001122
-111010000 (base 2) to base 3
-122012
270 (base 15) to base 3
202120
Convert -5356 (base 10) to base 16.
-14ec
What is 22264 (base 7) in base 14?
20a4
What is -b164 (base 12) in base 6?
-225004
Convert -18a (base 16) to base 4.
-12022
What is -6183 (base 9) in base 2?
-1000110110010
Convert -b40 (base 15) to base 14.
-cd1
Convert -130 (base 13) to base 4.
-3100
Convert 111100010111 (base 2) to base 13.
19b2
-466 (base 16) to base 5
-14001
-469 (base 11) to base 3
-202201
Convert 372 (base 13) to base 7.
1515
Convert -61544 (base 7) to base 6.
-153322
What is 1234 (base 5) in base 2?
11000010
What is -14301 (base 8) in base 2?
-1100011000001
33b (base 12) to base 15
21e
What is -531 (base 9) in base 10?
-433
What is -20002032 (base 4) in base 6?
-412210
What is 5383 (base 16) in base 11?
15076
-303421 (base 6) to base 15
-723d
Convert -110330 (base 4) to base 13.
-7c1
What is -7b0 (base 13) in base 15?
-5d6
21734 (base 9) to base 13
6766
-2c74 (base 15) to base 16
-2557
Convert 758 (base 16) to base 5.
30010
Convert a9a (base 14) to base 10.
2096
-253 (base 8) to base 15
-b6
Convert 210034 (base 5) to base 2.
1101011101110
Convert -10b9 (base 12) to base 5.
-24434
-45214 (base 6) to base 3
-22201001
Convert -834 (base 9) to base 8.
-1247
-7a3 (base 11) to base 10
-960
-1927 (base 11) to base 7
-10066
276 (base 13) to base 2
110110011
5c7 (base 14) to base 10
1155
What is 991 (base 11) in base 2?
10010100101
3244 (base 5) to base 9
548
-27445 (base 8) to base 5
-341234
13654 (base 9) to base 8
22103
What is -539 (base 11) in base 2?
-1010000111
What is -5380 (base 14) in base 12?
-8418
What is -2e12 (base 16) in base 13?
-54a3
-5474 (base 8) to base 12
-17b8
-14131 (base 10) to base 2
-11011100110011
What is -351015 (base 6) in base 14?
-ad35
-1022111 (base 3) to base 5
-12313
-5467 (base 13) to base 6
-130214
Convert 1420 (base 9) to base 10.
1071
Convert 63 (base 8) to base 2.
110011
474 (base 10) to base 12
336
What is -6b17 (base 13) in base 4?
-3223111
Convert -97 (base 15) to base 3.
-12021
-629b (base 13) to base 2
-11010101010000
-1186 (base 16) to base 8
-10606
What is -433 (base 10) in base 7?
-1156
Convert 15da (base 14) to base 4.
331030
What is -9a26 (base 14) in base 6?
-323322
What is 1175 (base 15) in base 9?
5072
What is 260b (base 15) in base 9?
12112
Convert 15516 (base 8) to base 6.
52210
What is -36260 (base 7) in base 10?
-9401
Convert -11010111111101 (base 2) to base 6.
-143553
4852 (base 9) to base 8
7033
What is -11506 (base 7) in base 13?
-1495
-8466 (base 9) to base 11
-4741
-15154 (base 7) to base 2
-1000001101100
What is 13103 (base 4) in base 14?
255
949 (base 12) to base 14
6c9
231431 (base 5) to base 7
33251
26255 (base 9) to base 14
664c
4302 (base 6) to base 14
4d8
Convert 112310 (base 4) to base 2.
10110110100
Convert -154a (base 12) to base 16.
-9ca
Convert 3324 (base 10) to base 12.
1b10
What is -31501 (base 8) in base 11?
-9949
What is -ac9 (base 15) in base 9?
-3310
Convert 485 (base 10) to base 8.
745
-905 (base 11) to base 12
-772
What is 252 (base 14) in base 6?
2052
389 (base 11) to base 15
20a
-14727 (base 8) to base 3
-100002000
Convert -1570 (base 11) to base 5.
-31023
What is 312 (base 11) in base 10?
376
37312 (base 9) to base 15
7645
Convert 3024 (base 6) to base 3.
220121
-207b (base 12) to base 15
-10bb
1120212 (base 4) to base 8
13046
a040 (base 11) to base 15
3e54
What is 45380 (base 10) in base 8?
130504
Convert 404 (base 9) to base 2.
101001000
What is e9 (base 15) in base 5?
1334
Convert 104230 (base 6) to base 10.
8730
-120303 (base 4) to base 16
-633
Convert -54122 (base 7) to base 11.
-a110
Convert -792 (base 10) to base 7.
-2211
352 (base 9) to base 15
145
What is -1001111100010 (base 2) in base 16?
-13e2
Convert -5541 (base 8) to base 2.
-101101100001
Convert -62c (base 13) to base 16.
-41c
What is 13556 (base 7) in base 16?
e84
What is 3497 (base 13) in base 12?
433b
Convert -19d (base 15) to base 7.
-1042
Convert 524 (base 7) to base 3.
100202
Convert -54772 (base 8) to base 14.
-8574
Convert 111011101100101 (base 2) to base 10.
30565
What is 1052 (base 12) in base 2?
11011111110
Convert 21781 (base 11) to base 12.
16311
What is 1013303 (base 4) in base 5?
121340
What is -be36 (base 16) in base 15?
-e664
What is 50 (base 16) in base 12?
68
What is -40703 (base 8) in base 2?
-100000111000011
What is 4097 (base 10) in base 4?
1000001
Convert 61 (base 13) to base 2.
1001111
-ef80 (base 16) to base 6
-1151504
Convert -1d5f (base 16) to base 13.
-3565
What is -482 (base 11) in base 4?
-20332
436 (base 8) to base 14
166
What is 31183 (base 9) in base 4?
11001120
-246b (base 15) to base 14
-2b79
-131 (base 8) to base 16
-59
-253 (base 16) to base 10
-595
Convert -4335 (base 9) to base 12.
-1a1b
What is -1122200 (base 3) in base 2?
-10010110110
What is -220222202 (base 3) in base 14?
-68d4
What is 2116 (base 9) in base 8?
3022
-53350 (base 6) to base 15
-2246
Convert -211244 (base 6) to base 7.
-101020
-421332 (base 5) to base 2
-11011010001111
Convert -47b8 (base 14) to base 13.
-5904
Convert -243334 (base 5) to base 7.
-35610
What is -10552 (base 6) in base 8?
-2744
What is -24242 (base 6) in base 4?
-313202
What is -5343 (base 12) in base 11?
-6944
Convert 282b1 (base 12) to base 2.
1101100110100101
Convert 2201201 (base 3) to base 4.
133012
-123c (base 15) to base 7
-14214
Convert 1673 (base 8) to base 13.
586
Convert 211211 (base 3) to base 10.
616
Convert -3aa5 (base 13) to base 11.
-6361
Convert -114014 (base 5) to base 13.
-1c28
What is 4562 (base 10) in base 14?
193c
101011011 (base 2) to base 13
209
What is -11804 (base 12) in base 3?
-1012101211
17517 (base 8) to base 10
8015
Convert -18282 (base 9) to base 4.
-3011111
Convert -a8d (base 15) to base 12.
-1467
What is 1328 (base 9) in base 2?
1111100110
Convert -31120 (base 8) to base 10.
-12880
Convert -222 (base 3) to base 5.
-101
What is 6600 (base 8) in base 9?
4660
-50 (base 9) to base 4
-231
Convert 1623 (base 16) to base 14.
20cb
2521 (base 7) to base 16
3b2
What is 22021 (base 3) in base 2?
11011111
Convert 116b (base 16) to base 8.
10553
Convert 99 (base 13) to base 16.
7e
213 (base 5) to base 12
4a
What is 2167 (base 8) in base 5?
14033
Convert -15352 (base 7) to base 12.
-25a4
4654 (base 7) to base 5
23310
Convert -56202 (base 8) to base 2.
-101110010000010
13020 (base 4) to base 13
291
101010001000 (base 2) to base 10
2696
What is 31054 (base 6) in base 12?
248a
What is 2011200 (base 3) in base 2?
11000110000
23021 (base 8) to base 4
2120101
-83 (base 14) to base 10
-115
Convert 32220 (base 4) to base 2.
1110101000
What is 619a (base 13) in base 7?
54203
613 (base 12) to base 13
528
What is -c10e (base 15) in base 11?
-28676
What is -1433 (base 14) in base 2?
-110111110101
Convert -7533 (base 8) to base 14.
-160b
Wha